Convert 1 (base 3) to base 16.
1
Convert -200 (base 6) to base 3.
-2200
-7 (base 14) to base 6
-11
What is 5 (base 9) in base 5?
10
Convert 7 (base 9) to base 12.
7
What is -a8 (base 11) in base 3?
-11101
-23 (base 5) to base 15
-d
What is -240 (base 8) in base 12?
-114
Convert 1 (base 7) to base 14.
1
What is -10 (base 4) in base 15?
-4
Convert 0 (base 2) to base 16.
0
26 (base 13) to base 6
52
Convert 3 (base 8) to base 5.
3
-13 (base 4) to base 5
-12
Convert -1 (base 16) to base 5.
-1
-4 (base 8) to base 5
-4
-5 (base 10) to base 13
-5
What is -10 (base 4) in base 11?
-4
What is -440 (base 8) in base 2?
-100100000
What is -1011 (base 2) in base 15?
-b
15 (base 6) to base 7
14
Convert -153 (base 11) to base 7.
-344
Convert 35 (base 7) to base 5.
101
What is -11110 (base 2) in base 3?
-1010
13 (base 6) to base 14
9
Convert -15 (base 13) to base 10.
-18
Convert -313 (base 10) to base 16.
-139
Convert 85 (base 9) to base 13.
5c
What is 3b (base 16) in base 12?
4b
Convert -32 (base 5) to base 2.
-10001
63 (base 7) to base 2
101101
What is -5 (base 8) in base 7?
-5
-4 (base 5) to base 12
-4
3 (base 5) to base 6
3
Convert -1 (base 10) to base 13.
-1
-d (base 14) to base 3
-111
What is 3 (base 13) in base 11?
3
-1 (base 11) to base 6
-1
Convert 2243 (base 5) to base 16.
143
Convert b4 (base 14) to base 9.
185
Convert -6 (base 14) to base 12.
-6
What is -2 (base 4) in base 3?
-2
What is -4 (base 5) in base 8?
-4
What is -1 (base 8) in base 3?
-1
Convert 8 (base 11) to base 10.
8
Convert 2 (base 12) to base 7.
2
5 (base 11) to base 9
5
What is 6 (base 8) in base 3?
20
-3 (base 14) to base 7
-3
What is 22 (base 12) in base 3?
222
7 (base 10) to base 16
7
-2 (base 15) to base 5
-2
What is 12 (base 3) in base 5?
10
What is -110111 (base 2) in base 12?
-47
What is 168 (base 14) in base 2?
100100000
-118 (base 10) to base 14
-86
2 (base 6) to base 9
2
What is -111110 (base 2) in base 14?
-46
-7b (base 16) to base 13
-96
What is -b (base 13) in base 9?
-12
What is -a9 (base 11) in base 12?
-9b
3010 (base 4) to base 6
524
What is -56 (base 11) in base 15?
-41
What is 2 (base 6) in base 3?
2
23 (base 6) to base 10
15
What is -14 (base 6) in base 4?
-22
What is -41 (base 5) in base 11?
-1a
What is 2 (base 7) in base 16?
2
-15 (base 8) to base 3
-111
What is 1 (base 9) in base 3?
1
-116 (base 8) to base 11
-71
Convert 165 (base 16) to base 10.
357
-1 (base 9) to base 16
-1
What is -10 (base 15) in base 2?
-1111
What is -4 (base 5) in base 16?
-4
-433 (base 5) to base 10
-118
2 (base 3) to base 14
2
-17 (base 8) to base 2
-1111
Convert -32 (base 16) to base 13.
-3b
Convert -65 (base 7) to base 2.
-101111
Convert 35 (base 12) to base 7.
56
What is -101 (base 3) in base 13?
-a
-6 (base 11) to base 12
-6
What is -202 (base 3) in base 12?
-18
What is -1a2 (base 11) in base 14?
-129
What is 12 (base 8) in base 2?
1010
-3 (base 5) to base 4
-3
Convert -1 (base 7) to base 14.
-1
243 (base 5) to base 16
49
45 (base 7) to base 2
100001
-1001001 (base 2) to base 10
-73
Convert 10 (base 13) to base 9.
14
What is -3 (base 14) in base 2?
-11
What is -32 (base 5) in base 10?
-17
Convert -7 (base 11) to base 2.
-111
19 (base 10) to base 7
25
Convert 17 (base 15) to base 6.
34
Convert -d (base 15) to base 10.
-13
Convert -10 (base 11) to base 5.
-21
What is -4 (base 7) in base 8?
-4
What is 24 (base 15) in base 2?
100010
What is -114 (base 7) in base 4?
-330
0 (base 16) to base 2
0
-1 (base 13) to base 15
-1
What is 82 (base 12) in base 3?
10122
What is -5e (base 16) in base 6?
-234
-28 (base 12) to base 3
-1012
What is 6 (base 12) in base 3?
20
What is -2021 (base 3) in base 5?
-221
What is -241 (base 6) in base 16?
-61
What is 22 (base 8) in base 10?
18
Convert -2 (base 14) to base 4.
-2
-2 (base 8) to base 3
-2
What is 0 (base 13) in base 14?
0
-3 (base 14) to base 4
-3
What is -197 (base 10) in base 12?
-145
Convert 101 (base 2) to base 8.
5
What is 1000 (base 2) in base 15?
8
-403 (base 5) to base 16
-67
Convert 21 (base 4) to base 15.
9
What is -6 (base 7) in base 5?
-11
Convert 113 (base 7) to base 5.
214
What is 6 (base 11) in base 9?
6
Convert 154 (base 8) to base 4.
1230
-151 (base 12) to base 14
-109
-c (base 13) to base 15
-c
What is e (base 15) in base 11?
13
-4 (base 11) to base 6
-4
What is 112 (base 4) in base 13?
19
54 (base 16) to base 2
1010100
-9 (base 14) to base 10
-9
What is -1 (base 6) in base 10?
-1
Convert 302 (base 6) to base 11.
a0
What is 108 (base 11) in base 13?
9c
32 (base 9) to base 14
21
What is -130 (base 9) in base 2?
-1101100
Convert -5 (base 6) to base 5.
-10
11 (base 3) to base 13
4
Convert 1111 (base 2) to base 6.
23
-1001 (base 2) to base 10
-9
Convert 46 (base 7) to base 13.
28
What is -1010 (base 2) in base 9?
-11
What is 222 (base 3) in base 13?
20
100 (base 4) to base 10
16
Convert 15 (base 6) to base 5.
21
What is 111 (base 2) in base 9?
7
-1 (base 13) to base 11
-1
-1 (base 12) to base 11
-1
164 (base 7) to base 10
95
-131 (base 5) to base 9
-45
What is 22 (base 6) in base 11?
13
Convert 29 (base 14) to base 2.
100101
106 (base 7) to base 2
110111
What is 50 (base 9) in base 10?
45
Convert 0 (base 8) to base 11.
0
What is 20 (base 6) in base 15?
c
11 (base 15) to base 14
12
Convert 10110110 (base 2) to base 7.
350
-12 (base 13) to base 5
-30
-43 (base 7) to base 8
-37
-11 (base 2) to base 12
-3
Convert 76 (base 14) to base 11.
95
Convert b (base 15) to base 13.
b
Convert -5 (base 15) to base 2.
-101
Convert -6 (base 15) to base 2.
-110
What is 11 (base 11) in base 14?
c
-3 (base 10) to base 16
-3
Convert 10 (base 9) to base 8.
11
What is -1342 (base 5) in base 11?
-192
-7 (base 8) to base 4
-13
a (base 15) to base 12
a
What is 2 (base 5) in base 3?
2
What is 4 (base 7) in base 9?
4
Convert -120 (base 5) to base 9.
-38
Convert -8 (base 10) to base 15.
-8
What is -250 (base 8) in base 7?
-330
Convert 1 (base 11) to base 12.
1
What is 3313 (base 4) in base 13?
160
-a (base 13) to base 9
-11
-21 (base 6) to base 9
-14
What is -1032 (base 5) in base 8?
-216
505 (base 6) to base 2
10111001
Convert 2a (base 12) to base 13.
28
Convert 11 (base 2) to base 3.
10
What is 5 (base 13) in base 11?
5
What is 4 (base 9) in base 8?
4
What is 22 (base 3) in base 12?
8
Convert 161 (base 7) to base 5.
332
-b (base 16) to base 5
-21
5 (base 7) to base 14
5
26 (base 13) to base 12
28
-48 (base 11) to base 5
-202
What is 110 (base 2) in base 14?
6
What is 16 (base 11) in base 15?
12
What is -3 (base 13) in base 2?
-11
Convert -3 (base 4) to base 8.
-3
-203 (base 11) to base 5
-1440
Convert 3 (base 7) to base 5.
3
-10001 (base 2) to base 3
-122
Convert -1335 (base 6) to base 2.
-101011011
What is 0 (base 4) in base 6?
0
What is -7 (base 16) in base 4?
-13
What is 0 (base 12) in base 10?
0
Convert 5 (base 16) to base 9.
5
What is 100 (base 2) in base 14?
4
Convert 121 (base 11) to base 6.
400
Convert 1001 (base 3) to base 6.
44
2210 (base 3) to base 11
69
Convert 0 (base 13) to base 8.
0
What is -10010 (base 2) in base 3?
-200
-1 (base 7) to base 14
-1
What is -19 (base 10) in base 14?
-15
Convert -9 (base 16) to base 10.
-9
What is 18 (base 12) in base 7?
26
Convert 23 (base 8) to base 13.
16
-10 (base 10) to base 13
-a
What is 112 (base 4) in base 10?
22
What is -13 (base 10) in base 14?
-d
-13 (base 14) to base 2
-10001
What is -87 (base 14) in base 11?
-a9
What is -120 (base 3) in base 16?
-f
Convert -6a (base 16) to base 14.
-78
Convert -14 (base 7) to base 10.
-11
-11 (base 6) to base 15
-7
Convert -101 (base 3) to base 2.
-1010
Convert -a (base 16) to base 10.
-10
-1131 (base 5) to base 2
-10100110
What is 0 (base 6) in base 3?
0
Convert b3 (base 16) to base 15.
be
What is -1 (base 8) in base 3?
-1
Convert 0 (base 12) to base 13.
0
Convert 22 (base 16) to base 10.
34
2 (base 3) to base 7
2
-214 (base 9) to base 8
-257
What is 1 (base 8) in base 7?
1
-23 (base 9) to base 4
-111
Convert a (base 12) to base 7.
13
Convert 11 (base 4) to base 10.
5
What is 7 (base 12) in base 15?
7
21 (base 4) to base 11
9
Convert 20 (base 7) to base 9.
15
29 (base 10) to base 4
131
Convert d (base 14) to base 5.
23
Convert 0 (base 13) to base 12.
0
Convert -146 (base 9) to base 14.
-8b
What is 22 (base 10) in base 5?
42
Convert 23 (base 7) to base 15.
12
What is -